t is the thousands digit of 16434422?
4
What is the hundred thousands digit of 5401427?
4
What is the hundreds digit of 1417424?
4
What is the hundred thousands digit of 215763?
2
What is the ten thousands digit of 5472110?
7
What is the ten thousands digit of 618056?
1
What is the hundred thousands digit of 2608162?
6
What is the hundred thousands digit of 448261?
4
What is the ten thousands digit of 72387?
7
What is the tens digit of 56729?
2
What is the ten thousands digit of 39124817?
2
What is the hundred thousands digit of 13279761?
2
What is the ten millions digit of 15559898?
1
What is the millions digit of 2190596?
2
What is the ten thousands digit of 574389?
7
What is the tens digit of 670?
7
What is the ten thousands digit of 2019350?
1
What is the ten thousands digit of 4617167?
1
What is the ten thousands digit of 313027?
1
What is the units digit of 1684976?
6
What is the hundred thousands digit of 152484?
1
What is the ten thousands digit of 676435?
7
What is the thousands digit of 1602228?
2
What is the hundreds digit of 731823?
8
What is the millions digit of 7373743?
7
What is the units digit of 740499?
9
What is the tens digit of 1741934?
3
What is the hundreds digit of 137795?
7
What is the tens digit of 2242636?
3
What is the tens digit of 3417806?
0
What is the hundred thousands digit of 772086?
7
What is the hundred thousands digit of 1796304?
7
What is the thousands digit of 10725781?
5
What is the units digit of 250884?
4
What is the thousands digit of 548402?
8
What is the units digit of 5236632?
2
What is the thousands digit of 81119?
1
What is the millions digit of 1523970?
1
What is the units digit of 2858614?
4
What is the tens digit of 24446834?
3
What is the units digit of 421606?
6
What is the hundreds digit of 34148378?
3
What is the hundreds digit of 203611?
6
What is the hundred thousands digit of 213836?
2
What is the hundred thousands digit of 315833?
3
What is the hundred thousands digit of 1124626?
1
What is the hundreds digit of 210022?
0
What is the units digit of 310619?
9
What is the hundreds digit of 36055?
0
What is the units digit of 381705?
5
What is the tens digit of 8797906?
0
What is the ten thousands digit of 76249?
7
What is the thousands digit of 223708?
3
What is the ten thousands digit of 369911?
6
What is the thousands digit of 13479348?
9
What is the ten thousands digit of 92153?
9
What is the ten thousands digit of 1776003?
7
What is the millions digit of 17097058?
7
What is the hundred thousands digit of 344620?
3
What is the units digit of 2621656?
6
What is the hundreds digit of 174752?
7
What is the tens digit of 818857?
5
What is the ten thousands digit of 759298?
5
What is the units digit of 517312?
2
What is the tens digit of 538435?
3
What is the hundred thousands digit of 6532021?
5
What is the hundreds digit of 2676902?
9
What is the millions digit of 2000884?
2
What is the units digit of 11146231?
1
What is the thousands digit of 254880?
4
What is the ten thousands digit of 350172?
5
What is the tens digit of 148384?
8
What is the hundred thousands digit of 4263065?
2
What is the hundreds digit of 16352834?
8
What is the hundreds digit of 1989194?
1
What is the units digit of 9165806?
6
What is the thousands digit of 270346?
0
What is the ten thousands digit of 204735?
0
What is the tens digit of 8660318?
1
What is the units digit of 2682298?
8
What is the units digit of 55999?
9
What is the hundred thousands digit of 684081?
6
What is the thousands digit of 22759407?
9
What is the units digit of 964955?
5
What is the hundreds digit of 931250?
2
What is the tens digit of 10812513?
1
What is the hundreds digit of 218567?
5
What is the thousands digit of 424513?
4
What is the ten thousands digit of 1439802?
3
What is the thousands digit of 64714?
4
What is the millions digit of 1895513?
1
What is the ten thousands digit of 442065?
4
What is the ten thousands digit of 877448?
7
What is the tens digit of 350196?
9
What is the units digit of 171533?
3
What is the thousands digit of 321142?
1
What is the thousands digit of 2562806?
2
What is the units digit of 4469554?
4
What is the tens digit of 229190?
9
What is the thousands digit of 1391531?
1
What is the thousands digit of 3902?
3
What is the hundreds digit of 206928?
9
What is the tens digit of 1351104?
0
What is the hundreds digit of 224303?
3
What is the thousands digit of 1943683?
3
What is the ten thousands digit of 62826?
6
What is the thousands digit of 69451?
9
What is the hundred thousands digit of 4647326?
6
What is the millions digit of 5966861?
5
What is the hundreds digit of 1747278?
2
What is the hundred thousands digit of 21622275?
6
What is the units digit of 754147?
7
What is the hundreds digit of 339083?
0
What is the tens digit of 393834?
3
What is the hundreds digit of 117497?
4
What is the hundreds digit of 5605?
6
What is the ten millions digit of 34256599?
3
What is the units digit of 2695478?
8
What is the thousands digit of 119263?
9
What is the units digit of 310826?
6
What is the ten thousands digit of 15190688?
9
What is the tens digit of 4713251?
5
What is the ten thousands digit of 22484932?
8
What is the hundreds digit of 724181?
1
What is the thousands digit of 809824?
9
What is the hundred thousands digit of 1967219?
9
What is the tens digit of 345688?
8
What is the hundred thousands digit of 150030?
1
What is the tens digit of 3870135?
3
What is the hundred thousands digit of 263972?
2
What is the tens digit of 107354?
5
What is the tens digit of 79599?
9
What is the ten thousands digit of 16565216?
6
What is the hundreds digit of 396000?
0
What is the ten millions digit of 19629661?
1
What is the units digit of 1307203?
3
What is the units digit of 12464093?
3
What is the units digit of 343755?
5
What is the thousands digit of 597215?
7
What is the tens digit of 357102?
0
What is the ten thousands digit of 953396?
5
What is the hundreds digit of 35030776?
7
What is the units digit of 134322?
2
What is the hundred thousands digit of 2370381?
3
What is the tens digit of 91683?
8
What is the hundreds digit of 787511?
5
What is the ten millions digit of 11447968?
1
What is the tens digit of 561834?
3
What is the ten thousands digit of 13960869?
6
What is the thousands digit of 379476?
9
What is the ten thousands digit of 399524?
9
What is the tens digit of 59761?
6
What is the hundreds digit of 22616428?
4
What is the ten thousands digit of 37663?
3
What is the ten thousands digit of 11177979?
7
What is the hundreds digit of 405460?
4
What is the ten thousands digit of 1574131?
7
What is the units digit of 725279?
9
What is the millions digit of 1691967?
1
What is the hundred thousands digit of 778961?
7
What is the ten thousands digit of 103427?
0
What is the hundred thousands digit of 105070?
1
What is the tens digit of 1781401?
0
What is the ten millions digit of 30250200?
3
What is the hundred thousands digit of 26050831?
0
What is the hundred thousands digit of 283503?
2
What is the thousands digit of 622099?
2
What is the ten thousands digit of 12921476?
2
What is the thousands digit of 594813?
4
What is the units digit of 8014366?
6
What is the ten thousands digit of 3288478?
8
What is the millions digit of 17624711?
7
What is the millions digit of 1158345?
1
What is the units digit of 8787394?
4
What is the tens digit of 10920503?
0
What is the ten thousands digit of 405572?
0
What is the tens digit of 2141509?
0
What is the units digit of 145748?
8
What is the ten millions digit of 23733947?
2
What is the ten thousands digit of 161131?
6
What is the hundred thousands digit of 123002?
1
What is the hundred thousands digit of 1418854?
4
What is the thousands digit of 1490799?
0
What is the ten thousands digit of 3212146?
1
What is the ten thousands digit of 2183699?
8
What is the ten thousands digit of 6760276?
6
What is the millions digit of 10332406?
0
What is the tens digit of 11996713?
1
What is the ten thousands digit of 12387613?
8
What is the hundred thousands digit of 6930934?
9
What is the units digit of 691485?
5
What is the thousands digit of 217198?
7
What is the ten thousands digit of 15701452?
0
What is the ten thousands digit of 840852?
4
What is the hundred thousands 